{"id":151,"date":"2010-11-03T15:34:24","date_gmt":"2010-11-03T15:34:24","guid":{"rendered":"http:\/\/dahofficial.com\/wordpress\/"},"modified":"2024-03-20T21:19:23","modified_gmt":"2024-03-20T19:19:23","slug":"2000-2001-corps-et-armes","status":"publish","type":"page","link":"https:\/\/dahofficial.com\/wordpress\/lartiste\/2000-2001-corps-et-armes\/","title":{"rendered":"2000 &#8211; 2001  \/ corps et armes"},"content":{"rendered":"<h2 class=\"sstttrbio\">2000<\/h2>\n<p><img decoding=\"async\" src=\"https:\/\/dahofficial.com\/wordpress\/wp-content\/uploads\/2011\/12\/2000-CLAUDE-GASSIAN_560x560.jpg\" border=\"0\" alt=\"Dahofficial Biographie Etienne Daho 2000\" \/><\/a><br \/>\nClaude Gassian<\/p>\n<p>Daho ajoute un septi\u00e8me album \u00e0 sa discographie ; <q>Corps et armes<\/q> (Ouverture, Le brasier, Rendez-vous \u00e0 Vedra, La nage indienne, La baie), illustr\u00e9 par Inez Van Lambsweerde et les M\/M&rsquo;S. Num\u00e9ro 1 des ventes et port\u00e9 par le hit single <q>Le brasier<\/q>, l&rsquo;album est imm\u00e9diatement certifi\u00e9 disque d\u2019or et encens\u00e9 par les critiques. Etienne fait la couverture des Inrockuptibles. <\/p>\n<h2 class=\"sstttrbio\">2001<\/h2>\n<p><img decoding=\"async\" src=\"https:\/\/dahofficial.com\/wordpress\/wp-content\/uploads\/2011\/12\/2001_LINDA_BUJOLI_560x387.jpg\" border=\"0\" alt=\"Dahofficial Biographie Etienne Daho 2001\" \/><\/a><br \/>\nLinda Bujoli<\/p>\n<p>Le <q>Tour de l\u2019\u00e9t\u00e9 sans fin<\/q> (90 dates et 150 000 spectateurs) est un immense succ\u00e8s. Cette tourn\u00e9e s\u2019arr\u00eate une semaine \u00e0 l\u2019Olympia et s\u2019ach\u00e8ve au Rex Club de Paris en concert acoustique piano et voix. Etienne est une nouvelle fois nomm\u00e9 aux Victoires de la Musique dans les cat\u00e9gories <q>Album de l&rsquo;ann\u00e9e<\/q> et <q>Chanteur de l\u2019ann\u00e9e<\/q>. Parution de <q>Daholive<\/q> en double album et DVD. Duo avec Jane Birkin <q>Mon amour baiser<\/q>. Etienne est d\u00e9cor\u00e9 et devient Chevalier de l\u2019Ordre National du M\u00e9rite.<\/p>\n","protected":false},"excerpt":{"rendered":"<p>2000 Claude Gassian Daho ajoute un septi\u00e8me album \u00e0 sa discographie ; Corps et armes (Ouverture, Le brasier, Rendez-vous \u00e0 Vedra, La nage indienne, La baie), illustr\u00e9 par Inez Van Lambsweerde et les M\/M&rsquo;S. Num\u00e9ro 1 des ventes et port\u00e9 par le hit single Le brasier, l&rsquo;album est imm\u00e9diatement certifi\u00e9 disque d\u2019or et encens\u00e9 par [&hellip;]<\/p>\n","protected":false},"author":3,"featured_media":0,"parent":101,"menu_order":9,"comment_status":"closed","ping_status":"closed","template":"","meta":{"footnotes":""},"_links":{"self":[{"href":"https:\/\/dahofficial.com\/wordpress\/wp-json\/wp\/v2\/pages\/151"}],"collection":[{"href":"https:\/\/dahofficial.com\/wordpress\/wp-json\/wp\/v2\/pages"}],"about":[{"href":"https:\/\/dahofficial.com\/wordpress\/wp-json\/wp\/v2\/types\/page"}],"author":[{"embeddable":true,"href":"https:\/\/dahofficial.com\/wordpress\/wp-json\/wp\/v2\/users\/3"}],"replies":[{"embeddable":true,"href":"https:\/\/dahofficial.com\/wordpress\/wp-json\/wp\/v2\/comments?post=151"}],"version-history":[{"count":17,"href":"https:\/\/dahofficial.com\/wordpress\/wp-json\/wp\/v2\/pages\/151\/revisions"}],"predecessor-version":[{"id":13225,"href":"https:\/\/dahofficial.com\/wordpress\/wp-json\/wp\/v2\/pages\/151\/revisions\/13225"}],"up":[{"embeddable":true,"href":"https:\/\/dahofficial.com\/wordpress\/wp-json\/wp\/v2\/pages\/101"}],"wp:attachment":[{"href":"https:\/\/dahofficial.com\/wordpress\/wp-json\/wp\/v2\/media?parent=151"}],"curies":[{"name":"wp","href":"https:\/\/api.w.org\/{rel}","templated":true}]}}