{"id":145,"date":"2010-11-03T15:33:12","date_gmt":"2010-11-03T15:33:12","guid":{"rendered":"http:\/\/dahofficial.com\/wordpress\/"},"modified":"2024-03-20T21:20:04","modified_gmt":"2024-03-20T19:20:04","slug":"1991-1993-paris-ailleurs","status":"publish","type":"page","link":"https:\/\/dahofficial.com\/wordpress\/lartiste\/1991-1993-paris-ailleurs\/","title":{"rendered":"1991 &#8211; 1993  \/ paris ailleurs"},"content":{"rendered":"<h2 class=\"sstttrbio\">1991<\/h2>\n<p><img decoding=\"async\" src=\"https:\/\/dahofficial.com\/wordpress\/wp-content\/uploads\/2011\/12\/1991-YOURI-LENQUETTE_560x560.jpg\" border=\"0\" alt=\"Dahofficial Biographie Etienne Daho 1991\" \/><\/a><br \/>\nYouri Lenquette<\/p>\n<p>Parution de l&rsquo;album <q>Paris Ailleurs<\/q> enregistr\u00e9 \u00e0 New York et r\u00e9alis\u00e9 par Etienne et Edith Fambuena. Illustr\u00e9 par Nick Knight, cet album aux 5 hit singles ( Saudade, Des attractions d\u00e9sastre, Comme un igloo, Les voyages immobiles, Un homme \u00e0 la mer) est certifi\u00e9 double album de platine (plus de 600.000 exemplaires) et nomm\u00e9 aux Victoires de la Musique.<\/p>\n<h2 class=\"sstttrbio\">1992<\/h2>\n<p><img decoding=\"async\" src=\"https:\/\/dahofficial.com\/wordpress\/wp-content\/uploads\/2011\/12\/1992-MARIANNE-ROSENSTIEHL_560_560.jpg\" border=\"0\" alt=\"Dahofficial Biographie Etienne Daho 1992\" \/><\/a><br \/>\nMarianne Rosenstiehl<\/p>\n<p>D\u00e9marrage du <q>Tour Paris Ailleurs<\/q> qui s\u2019\u00e9tale sur toute l\u2019ann\u00e9e 1992. Daho monte le projet <q>Urgence<\/q> dont les b\u00e9n\u00e9fices sont recueillis pour aider la recherche contre le sida. Cette compilation qui r\u00e9unit 40 artistes fran\u00e7ais, rapporte plus de 12 millions de francs \u00e0 l&rsquo;institur Pasteur, que Etienne remet en mains propres au professeur Montagn\u00e9. Parution des hit singles <q>Comme un igloo<\/q>, <q>Des attractions d\u00e9sastre<\/q> et <q>Les voyages immobiles<\/q>, clipp\u00e9 par Michel Gondry. Les singles sont accompagn\u00e9s de remixes de Boom Bass (Cassius) et des rappeurs PM Dawn.<\/p>\n<h2 class=\"sstttrbio\">1993<\/h2>\n<p><img decoding=\"async\" src=\"https:\/\/dahofficial.com\/wordpress\/wp-content\/uploads\/2011\/12\/1993_ANTOINE_LE_GRAND_560x365.jpg\" border=\"0\" alt=\"Dahofficial Biographie Etienne Daho 1993\" \/><\/a><br \/>\nAntoine Le Grand<\/p>\n<p>Le <q>Tour Paris Ailleurs\u00a0Tour<\/q> visite 14 pays et s&rsquo;ach\u00e8ve aux Francofolies de La Rochelle aux c\u00f4t\u00e9s de Jacques Dutronc devant 20 000 personnes. Parution de l&rsquo;album live <q>Daholympia<\/q>  certifi\u00e9 double disque d\u2019or et du hit single <q>Mon man\u00e8ge \u00e0 moi<\/q>. <\/p>\n","protected":false},"excerpt":{"rendered":"<p>1991 Youri Lenquette Parution de l&rsquo;album Paris Ailleurs enregistr\u00e9 \u00e0 New York et r\u00e9alis\u00e9 par Etienne et Edith Fambuena. Illustr\u00e9 par Nick Knight, cet album aux 5 hit singles ( Saudade, Des attractions d\u00e9sastre, Comme un igloo, Les voyages immobiles, Un homme \u00e0 la mer) est certifi\u00e9 double album de platine (plus de 600.000 exemplaires) [&hellip;]<\/p>\n","protected":false},"author":3,"featured_media":0,"parent":101,"menu_order":6,"comment_status":"closed","ping_status":"closed","template":"","meta":{"footnotes":""},"_links":{"self":[{"href":"https:\/\/dahofficial.com\/wordpress\/wp-json\/wp\/v2\/pages\/145"}],"collection":[{"href":"https:\/\/dahofficial.com\/wordpress\/wp-json\/wp\/v2\/pages"}],"about":[{"href":"https:\/\/dahofficial.com\/wordpress\/wp-json\/wp\/v2\/types\/page"}],"author":[{"embeddable":true,"href":"https:\/\/dahofficial.com\/wordpress\/wp-json\/wp\/v2\/users\/3"}],"replies":[{"embeddable":true,"href":"https:\/\/dahofficial.com\/wordpress\/wp-json\/wp\/v2\/comments?post=145"}],"version-history":[{"count":21,"href":"https:\/\/dahofficial.com\/wordpress\/wp-json\/wp\/v2\/pages\/145\/revisions"}],"predecessor-version":[{"id":13222,"href":"https:\/\/dahofficial.com\/wordpress\/wp-json\/wp\/v2\/pages\/145\/revisions\/13222"}],"up":[{"embeddable":true,"href":"https:\/\/dahofficial.com\/wordpress\/wp-json\/wp\/v2\/pages\/101"}],"wp:attachment":[{"href":"https:\/\/dahofficial.com\/wordpress\/wp-json\/wp\/v2\/media?parent=145"}],"curies":[{"name":"wp","href":"https:\/\/api.w.org\/{rel}","templated":true}]}}