{"id":139,"date":"2010-11-03T15:31:43","date_gmt":"2010-11-03T15:31:43","guid":{"rendered":"http:\/\/dahofficial.com\/wordpress\/"},"modified":"2024-03-20T21:21:46","modified_gmt":"2024-03-20T19:21:46","slug":"1985-tombe-pour-la-france","status":"publish","type":"page","link":"https:\/\/dahofficial.com\/wordpress\/lartiste\/1985-tombe-pour-la-france\/","title":{"rendered":"1985  \/ tomb\u00e9 pour la france"},"content":{"rendered":"<h2 class=\"sstttrbio\">1985<\/h2>\n<p><img decoding=\"async\" src=\"https:\/\/dahofficial.com\/wordpress\/wp-content\/uploads\/2011\/12\/1985_560x5601.jpg\" border=\"0\" alt=\"Dahofficial Biographie Etienne Daho 1985\" \/><\/a><br \/>\nCollection personnelle<\/p>\n<p>Premi\u00e8re tourn\u00e9e \u00e0 guichets ferm\u00e9s et premier Olympia (Etienne Daho \u00e9 Grupo), soutenu par le hit single <q>Tomb\u00e9 pour la France<\/q> dont le clip est r\u00e9alis\u00e9 par Jean-Pierre Jeunet. Les Enfants du rock lui consacrent un portrait o\u00f9 il interpr\u00e8te ses artistes de r\u00e9f\u00e9rence (Syd Barrett <q>Arnold Layne<\/q>, Gainsbourg <q>Chez les y\u00e9 y\u00e9<\/q> et Fran\u00e7oise Hardy avec laquelle il chante <q>Et si je m\u2019en vais avant toi<\/q> en duo). Le Bus d\u2019Acier lui d\u00e9cerne le prix de l\u2019artiste rock 1985 et les premi\u00e8res victoires de la musique le nomment r\u00e9v\u00e9lation de l&rsquo;ann\u00e9e 1985.<\/p>\n","protected":false},"excerpt":{"rendered":"<p>1985 Collection personnelle Premi\u00e8re tourn\u00e9e \u00e0 guichets ferm\u00e9s et premier Olympia (Etienne Daho \u00e9 Grupo), soutenu par le hit single Tomb\u00e9 pour la France dont le clip est r\u00e9alis\u00e9 par Jean-Pierre Jeunet. Les Enfants du rock lui consacrent un portrait o\u00f9 il interpr\u00e8te ses artistes de r\u00e9f\u00e9rence (Syd Barrett Arnold Layne, Gainsbourg Chez les y\u00e9 [&hellip;]<\/p>\n","protected":false},"author":3,"featured_media":0,"parent":101,"menu_order":3,"comment_status":"closed","ping_status":"closed","template":"","meta":{"footnotes":""},"_links":{"self":[{"href":"https:\/\/dahofficial.com\/wordpress\/wp-json\/wp\/v2\/pages\/139"}],"collection":[{"href":"https:\/\/dahofficial.com\/wordpress\/wp-json\/wp\/v2\/pages"}],"about":[{"href":"https:\/\/dahofficial.com\/wordpress\/wp-json\/wp\/v2\/types\/page"}],"author":[{"embeddable":true,"href":"https:\/\/dahofficial.com\/wordpress\/wp-json\/wp\/v2\/users\/3"}],"replies":[{"embeddable":true,"href":"https:\/\/dahofficial.com\/wordpress\/wp-json\/wp\/v2\/comments?post=139"}],"version-history":[{"count":21,"href":"https:\/\/dahofficial.com\/wordpress\/wp-json\/wp\/v2\/pages\/139\/revisions"}],"predecessor-version":[{"id":13219,"href":"https:\/\/dahofficial.com\/wordpress\/wp-json\/wp\/v2\/pages\/139\/revisions\/13219"}],"up":[{"embeddable":true,"href":"https:\/\/dahofficial.com\/wordpress\/wp-json\/wp\/v2\/pages\/101"}],"wp:attachment":[{"href":"https:\/\/dahofficial.com\/wordpress\/wp-json\/wp\/v2\/media?parent=139"}],"curies":[{"name":"wp","href":"https:\/\/api.w.org\/{rel}","templated":true}]}}