{"id":13485,"date":"2024-02-21T11:53:09","date_gmt":"2024-02-21T09:53:09","guid":{"rendered":"https:\/\/dahofficial.com\/wordpress\/?page_id=13485"},"modified":"2024-03-20T21:17:12","modified_gmt":"2024-03-20T19:17:12","slug":"2023-2024-tirer-la-nuit-sur-les-etoiles","status":"publish","type":"page","link":"https:\/\/dahofficial.com\/wordpress\/lartiste\/2023-2024-tirer-la-nuit-sur-les-etoiles\/","title":{"rendered":"2023 &#8211; 2024 \/ Tirer la nuit sur les \u00e9toiles"},"content":{"rendered":"<p>&nbsp;<\/p>\n<p><img decoding=\"async\" src=\"https:\/\/dahofficial.com\/wordpress\/wp-content\/themes\/dahofficial\/discographie\/blitz\/images\/20220000_Bio_CreditMaxVigato.jpg\" border=\"0\" alt=\"Dahofficial Biographie Etienne Daho 2022\"><br \/>\nMax Vigato<\/p>\n<p>&nbsp;<\/p>\n<p><img decoding=\"async\" src=\"https:\/\/dahofficial.com\/wordpress\/wp-content\/themes\/dahofficial\/discographie\/tirer_la_nuit_sur_les_etoiles\/images\/20230000_Bio_Studio_PierreReneWorms_560.jpg\" border=\"0\" alt=\"Dahofficial Biographie Etienne Daho 2023\"><br \/>\nPierre Ren\u00e9-Worms<\/p>\n<p>Le 14 f\u00e9vrier 2023, \u00c9tienne Daho publie un nouveau titre, Boyfriend et le clip qui l&rsquo;accompagne, premier extrait du quatorzi\u00e8me album studio intitul\u00e9 Tirer la nuit sur les \u00e9toiles qui para\u00eet le 12 mai 2023. Enregistr\u00e9 en partie aux studios Abbey Road \u00e0 Londres et au studio  Motorbass \u00e0 Paris, l\u2019album dans lequel on retrouve de tr\u00e8s nombreux invit\u00e9s (Vanessa Paradis, Jade Vincent, Unloved, Mo\u00efse Turizer, Yan Wagner, Italoconnection, Global Network, Doriand, Calypso Valois, Lou Lesage, Fabien Waltmann) se hisse directement \u00e0 la place de num\u00e9ro un des ventes d\u2019albums et recueille des critiques tr\u00e8s \u00e9logieuses L\u2019album est d\u00e9clin\u00e9 en une \u00e9dition Deluxe \u00ab Tirer la nuit sur les \u00e9toiles \/ Only For You \u00bb qui regroupe des remixes, des in\u00e9dits l\u00e0 encore en collaboration avec le groupe Unloved. Il participe \u00e0 l\u2019illustration sonore d\u2019une partie de l\u2019exposition Forever Sixties inaugur\u00e9e le 9 juin au Couvent des Jacobin \u00e0 Rennes. Il participe \u00e9galement \u00e0  \u00ab Coeur Sacr\u00e9 \u00bb l\u2019album hommage \u00e0 Daniel Darc, avec une reprise de la chanson Je suis d\u00e9j\u00e0 parti et donne aussi la r\u00e9plique \u00e0 Isabelle Adjani avec \u00ab Samoura\u00ef \u00bb dans l&rsquo;album de cette derni\u00e8re  \u00ab Bande originale \u00bb. Parution de \u00ab \u00c9tienne Daho, l\u2019attraction des arts \u00bb une \u00e9tude de S\u00e9bastien Monod et Laurence Lechesne. Le \u00ab \u00c9tienne Daho Show \u00bb d\u00e9marre \u00e0 Caen le 4 novembre et cette tourn\u00e9e triomphale s\u2019ach\u00e8ve \u00e0 Paris le 22 d\u00e9cembre dans un \u2019Accord Arena&rsquo; sold out. <\/p>\n<p><img decoding=\"async\" src=\"https:\/\/dahofficial.com\/wordpress\/wp-content\/themes\/dahofficial\/discographie\/tirer_la_nuit_sur_les_etoiles\/images\/20230000_Bio_StudioAvecVanessa_MathieuZazzo.jpg\" border=\"0\" alt=\"Dahofficial Biographie Etienne Daho 2023\"><br \/>\nMathieu Zazzo<\/p>\n<p><img decoding=\"async\" src=\"https:\/\/dahofficial.com\/wordpress\/wp-content\/themes\/dahofficial\/discographie\/tirer_la_nuit_sur_les_etoiles\/images\/20230000_Bio_Concert_AnaisCallens_560.jpg\" border=\"0\" alt=\"Dahofficial Biographie Etienne Daho 2023\"><br \/>\nAna\u00efs Callens<\/p>\n<p>&nbsp;<\/p>\n<p><strong>2024<\/strong><br \/>\nLe 3 f\u00e9vrier 2024, \u00e0 L\u2019Olympia a lieu un hommage \u00e0 Jane Birkin \u00ab Jane Birkin by friends \u00bb. Aux c\u00f4t\u00e9s de Charlotte Gainsbourg, Lou Doillon, Vanessa Paradis, Jarvis Cocker, Beth Gibbons, Marion Cotillard, Catherine Ringer et Thomas Dutronc, entre autres, \u00c9tienne donne la r\u00e9plique \u00e0 Fanny Ardant pour une version de \u00ab Oh pardon tu dormais \u00bb.<\/p>\n<p><img decoding=\"async\" src=\"https:\/\/dahofficial.com\/wordpress\/wp-content\/themes\/dahofficial\/discographie\/tirer_la_nuit_sur_les_etoiles\/images\/20240000_Bio_ConcertJaneBirkinByFriends_560.jpg\" border=\"0\" alt=\"Dahofficial Biographie Etienne Daho 2024\"><br \/>\nPhoto: X<\/p>\n","protected":false},"excerpt":{"rendered":"<p>&nbsp; Max Vigato &nbsp; Pierre Ren\u00e9-Worms Le 14 f\u00e9vrier 2023, \u00c9tienne Daho publie un nouveau titre, Boyfriend et le clip qui l&rsquo;accompagne, premier extrait du quatorzi\u00e8me album studio intitul\u00e9 Tirer la nuit sur les \u00e9toiles qui para\u00eet le 12 mai 2023. Enregistr\u00e9 en partie aux studios Abbey Road \u00e0 Londres et au studio Motorbass \u00e0 [&hellip;]<\/p>\n","protected":false},"author":3,"featured_media":0,"parent":101,"menu_order":15,"comment_status":"closed","ping_status":"closed","template":"","meta":{"footnotes":""},"_links":{"self":[{"href":"https:\/\/dahofficial.com\/wordpress\/wp-json\/wp\/v2\/pages\/13485"}],"collection":[{"href":"https:\/\/dahofficial.com\/wordpress\/wp-json\/wp\/v2\/pages"}],"about":[{"href":"https:\/\/dahofficial.com\/wordpress\/wp-json\/wp\/v2\/types\/page"}],"author":[{"embeddable":true,"href":"https:\/\/dahofficial.com\/wordpress\/wp-json\/wp\/v2\/users\/3"}],"replies":[{"embeddable":true,"href":"https:\/\/dahofficial.com\/wordpress\/wp-json\/wp\/v2\/comments?post=13485"}],"version-history":[{"count":7,"href":"https:\/\/dahofficial.com\/wordpress\/wp-json\/wp\/v2\/pages\/13485\/revisions"}],"predecessor-version":[{"id":13495,"href":"https:\/\/dahofficial.com\/wordpress\/wp-json\/wp\/v2\/pages\/13485\/revisions\/13495"}],"up":[{"embeddable":true,"href":"https:\/\/dahofficial.com\/wordpress\/wp-json\/wp\/v2\/pages\/101"}],"wp:attachment":[{"href":"https:\/\/dahofficial.com\/wordpress\/wp-json\/wp\/v2\/media?parent=13485"}],"curies":[{"name":"wp","href":"https:\/\/api.w.org\/{rel}","templated":true}]}}