{"id":4772,"date":"2014-02-18T00:30:27","date_gmt":"2014-02-17T22:30:27","guid":{"rendered":"http:\/\/dahofficial.com\/wordpress\/"},"modified":"2024-03-20T22:08:45","modified_gmt":"2024-03-20T20:08:45","slug":"days-off","status":"publish","type":"page","link":"http:\/\/dahofficial.com\/wordpress\/days-off\/","title":{"rendered":"Days off Juillet 2014"},"content":{"rendered":"<h2>ETIENNE DAHO &#8211; UNE JEUNESSE MODERNE<\/h2>\n<p><img decoding=\"async\" class=\"alignnone size-full wp-image-3980\" title=\"affiche-logo-BD\" src=\"https:\/\/dahofficial.com\/wordpress\/wp-content\/themes\/dahofficial\/discographie\/les_chansons_de_linnocence_retrouvee\/diskonoirtour\/daysoff\/Daysoff2014Transp_560.jpg\" alt=\"Etienne Daho Affiche Days off 2014\" width=\"560\"><\/p>\n<p><!-- double liseret gris --><\/p>\n<p><img loading=\"lazy\" decoding=\"async\" style=\"border: none;\" src=\"https:\/\/dahofficial.com\/wordpress\/wp-content\/themes\/dahofficial\/images\/ttr_bio_page.gif\" border=\"0\" alt=\"\" width=\"560\" height=\"34\"><\/p>\n<p><!-- texte --><br \/>\n.<br \/>\nMise \u00e0 jour du 3 septembre 2015<\/p>\n<p><strong>Festival DAYS OFF du 1er au 10 juillet 2014, 5\u00e8me \u00e9dition.<\/strong><br \/>\nL&rsquo;invit\u00e9 d&rsquo;honneur de l&rsquo;\u00e9dition 2014 de ce festival est Etienne Daho.<\/p>\n<p>Lieu : Cit\u00e9 de la musique et Salle Pleyel &#8211; Paris<\/p>\n<p><strong>Mardi 1er juillet 2014, 20h : \u00c9tienne Daho joue <q>Pop Satori<\/q> \u00e0 la Cit\u00e9 de la musique<\/strong>.<br \/>\nEn 1\u00e8re partie Yan Wagner<\/p>\n<p><strong>Samedi 5 juillet 2014 : \u00c9tienne Daho <q>Pop Hits<\/q> \u00e0 la Cit\u00e9 de la musique<\/strong><br \/>\nEn 1\u00e8re partie Verity Susman<\/p>\n<p><strong>Mardi 8 juillet 2014, 20h : <q>Tomb\u00e9s pour la France<\/q> \u00e0 la Salle Pleyel avec de nombreux invit\u00e9s<\/strong>.<br \/>\nAvec Dominique A., Aline, Etienne Daho, Lou Doillon, La Femme, Fr\u00e0n\u00e7ois &amp; The Atlas Mountains, Lescop, Perez, The Pirouettes, Poni Hoax, Calypso Valois, Yan Wagner&#8230;<br \/>\n<u>Musiciens :<\/u><br \/>\nPhilippe Paradis : guitare<br \/>\nChristopher Board : clavier<br \/>\nVivien Bouchet : basse<br \/>\nEmilie Rambaud : batterie<br \/>\n<u> Sous les directions de :<\/u><br \/>\nEtienne Daho &amp; Franck Vergeade : direction artistique<br \/>\nEdith Fambuena : direction musicale, arrangements<br \/>\nAntoine Carlier : direction visuelle, films<br \/>\nSandrine Anglade : mise en espace<\/p>\n<p><strong>A partir du 1er juillet 2014 &#8211; Cit\u00e9 de la Musique \/ Librairie Harmonia Mundi<br \/>\nLe Pop-up store d&rsquo;une jeunesse moderne<\/strong>.<br \/>\nUne s\u00e9lection par Etienne Daho de livres, affiches, vinyles&#8230;<\/p>\n<p><strong>Du 3 au 13 juillet 2014 &#8211; MK2 Quai de Seine<br \/>\nEtienne Daho fait son cin\u00e9ma<\/strong>.<br \/>\nUne Jeunesse moderne dans le cin\u00e9ma fran\u00e7ais.<\/p>\n<p>INFORMATION :<br \/>\n<u>Cit\u00e9 de la musique<\/u> : 221 avenue Jean Jaur\u00e8s &#8211; 75019 Paris (M\u00b0 Porte de Pantin)<br \/>\nT\u00e9l. +33 1 42 55 13 13<br \/>\n<u>Salle Pleyel<\/u> , 252 rue du faubourg Saint-Honor\u00e9 &#8211; 75008 Paris (M\u00b0 Ternes)<br \/>\nT\u00e9l. +33 1 44 84 44 84<br \/>\n<u>Producteur des concerts<\/u> : <a href=\"http:\/\/www.tsprod.com\/\" target=\"_blank\" rel=\"noopener\"> TS Prod<\/a><br \/>\n<!-- COMMENTAIRE FINAL --><\/p>\n<p><!-- liseret gris --><\/p>\n<p><img loading=\"lazy\" decoding=\"async\" style=\"border: none;\" src=\"http:\/\/dahofficial.com\/wordpress\/wp-content\/themes\/dahofficial\/images\/ttr_bio_page.gif\" border=\"0\" alt=\"\" width=\"560\" height=\"34\"><br \/>\nNous d\u00e9sirons que le site d&rsquo;Etienne soit le plus complet et le plus parfait possible.<br \/>\nSi vous d\u00e9tectez la moindre erreur, un souci de lien, ou si vous d\u00e9sirez tout simplement nous faire parvenir par scan un document relatif \u00e0 cette page (billet, affiche, photo, &#8230;) afin de l&rsquo;agr\u00e9menter,  nous vous invitons \u00e0 nous contacter \u00e0 l&rsquo;adresse mail suivante : webmaster@dahofficial.com<br \/>\nLe site d&rsquo;Etienne vous remercie par avance.<\/p>\n<p><!-- liseret gris --><\/p>\n<p><img loading=\"lazy\" decoding=\"async\" style=\"border: none;\" src=\"http:\/\/dahofficial.com\/wordpress\/wp-content\/themes\/dahofficial\/images\/ttr_bio_page.gif\" border=\"0\" alt=\"\" width=\"560\" height=\"34\"><\/p>\n","protected":false},"excerpt":{"rendered":"<p>ETIENNE DAHO &#8211; UNE JEUNESSE MODERNE . Mise \u00e0 jour du 3 septembre 2015 Festival DAYS OFF du 1er au 10 juillet 2014, 5\u00e8me \u00e9dition. L&rsquo;invit\u00e9 d&rsquo;honneur de l&rsquo;\u00e9dition 2014 de ce festival est Etienne Daho. Lieu : Cit\u00e9 de la musique et Salle Pleyel &#8211; Paris Mardi 1er juillet 2014, 20h : \u00c9tienne Daho [&hellip;]<\/p>\n","protected":false},"author":3,"featured_media":0,"parent":0,"menu_order":0,"comment_status":"closed","ping_status":"open","template":"","meta":{"footnotes":""},"_links":{"self":[{"href":"http:\/\/dahofficial.com\/wordpress\/wp-json\/wp\/v2\/pages\/4772"}],"collection":[{"href":"http:\/\/dahofficial.com\/wordpress\/wp-json\/wp\/v2\/pages"}],"about":[{"href":"http:\/\/dahofficial.com\/wordpress\/wp-json\/wp\/v2\/types\/page"}],"author":[{"embeddable":true,"href":"http:\/\/dahofficial.com\/wordpress\/wp-json\/wp\/v2\/users\/3"}],"replies":[{"embeddable":true,"href":"http:\/\/dahofficial.com\/wordpress\/wp-json\/wp\/v2\/comments?post=4772"}],"version-history":[{"count":49,"href":"http:\/\/dahofficial.com\/wordpress\/wp-json\/wp\/v2\/pages\/4772\/revisions"}],"predecessor-version":[{"id":13035,"href":"http:\/\/dahofficial.com\/wordpress\/wp-json\/wp\/v2\/pages\/4772\/revisions\/13035"}],"wp:attachment":[{"href":"http:\/\/dahofficial.com\/wordpress\/wp-json\/wp\/v2\/media?parent=4772"}],"curies":[{"name":"wp","href":"https:\/\/api.w.org\/{rel}","templated":true}]}}